uppose 0 = 4*s + 4*a - u, 2*s - 13 = a + 69. What is the units digit of s?
1
Let r = -399 + 465. What is the tens digit of r?
6
Suppose w - 4*w + 211 = -2*x, 5*w = 5*x + 345. Let z = w - 147. Let d = -46 - z. What is the tens digit of d?
2
Suppose 9*t - g - 2576 = 6*t, g - 2584 = -3*t. What is the hundreds digit of t?
8
Let q = -182 + 668. What is the tens digit of q?
8
Let u be (481 - -3 - -2) + (-1)/1. Suppose 10*i + u = 15*i. What is the tens digit of i?
9
Suppose -4*o + 2*y = 64, 10*y - 48 = 3*o + 5*y. Let m = -13 - o. Suppose 0 = r - m*r + 110. What is the units digit of r?
5
Let s = -651 + 1138. What is the units digit of s?
7
Suppose 0 = -3*p + 4*v + 98, -3*p - 3*v = -v - 68. What is the units digit of p?
6
Let t be (3 + -1*18)/1. Let k = t + 47. Suppose 3*h - k = 22. What is the tens digit of h?
1
Let y = -93 - -139. Let u = -38 + y. What is the units digit of u?
8
Suppose 4*a - 588 = -0*a. Let v be a + (-2)/(2/(-3)). Suppose 3*n = -3*n + v. What is the units digit of n?
5
Let g(s) = 20*s**2 + 25*s - 6. What is the units digit of g(6)?
4
What is the tens digit of (1235/3 + 1)/((-4)/(-6))?
1
Let a = -20 + 23. Suppose 2*i = -2*m + 392, -2*i + a*i = -3*m + 586. What is the units digit of m?
5
What is the hundreds digit of -9 + 3 + 1420 - -5?
4
Let b = 2854 + -1428. What is the thousands digit of b?
1
Let s(y) = -30*y**3 + y**2 - y - 2. Let c be s(-1). Suppose -2*t + c = -0*t. Suppose -2*v + t = -5. What is the tens digit of v?
1
Let h(s) = -158*s + 15. What is the units digit of h(-2)?
1
Let j be ((-3 - -3) + -1)*0. Let l be (13 + j - 3)*-1. Let d = 27 + l. What is the tens digit of d?
1
Let l = -6 + 8. Suppose 152 = 4*o - 4*a, -l*o - 3*a + 90 = -11. What is the units digit of o?
3
Let m = -5 + 11. Suppose -m = -6*s + 4*s. Suppose -s*k + 3 = z + 4, 5*k = z - 15. What is the units digit of z?
5
Let o be (24 - -1) + 3 - -2. Suppose q + o - 4 = 0. Let g = q + 72. What is the tens digit of g?
4
Suppose -i - 4*n - 1 = -0*n, 0 = -5*i - 3*n + 12. Suppose 2*z - i*l = 0, 10 = z + 5*l - 4*l. Suppose -z*k + 2*k = -68. What is the tens digit of k?
1
Let r = 70 + -72. What is the units digit of (-2 - -12)*(r + (-100)/(-8))?
5
Suppose m = 4, -5*m = -3*q + 3167 - 1024. What is the units digit of q?
1
Let a(h) = 16*h**2 + 389*h + 19. What is the hundreds digit of a(-26)?
7
What is the hundreds digit of ((-24)/54)/2 + 9418/18?
5
Let b = 1242 + -615. Suppose 0 = 5*k - 53 - b. Suppose 3*h - 156 = -h + m, k = 3*h + 4*m. What is the units digit of h?
0
Let r(w) = w**3 - 9*w**2 - 22*w - 17. What is the tens digit of r(12)?
5
Let r be 0/(((-1)/(-2))/((-3)/18)). Suppose 5*w + 195 = 2*j + 567, r = 4*j - 16. What is the tens digit of w?
7
Suppose -16*l = -8571 - 3333. What is the tens digit of l?
4
Let u = -55 + 102. What is the tens digit of u?
4
Let u be (99/(-6) + 1)*-2. Suppose 3*k - 15 = 3*l, -3*k - 2*k = 10. Let b = u + l. What is the units digit of b?
4
Let d be (4/(-8))/((-4)/272). Suppose -6 = 7*f - d. Suppose -f*i + 5*s = -150 - 58, -2*i + 3*s = -104. What is the tens digit of i?
5
Suppose 5*i = 5*y - 10350, 43*y + i = 45*y - 4144. What is the thousands digit of y?
2
What is the units digit of (1 - 20/8)/(21/(-7574))?
1
Suppose 21*q - 5*z = 20*q + 2967, -3*z - 11936 = -4*q. What is the units digit of q?
7
Let o(y) = y**3 - 5*y**2 - 4*y - 7. Let j be o(6). Suppose -4*b - 3*i + 7*i = -204, j*b = -5*i + 215. Let w = b - 18. What is the tens digit of w?
2
Suppose -5*k + 0*k - 4*s = -344, 3*k = 4*s + 232. What is the units digit of 6/(4 - 1) + k?
4
Let k(r) = -2*r - 5 + r + 0 + 1. Let n be k(-8). Let j = 20 - n. What is the tens digit of j?
1
Let b(f) = 62*f**2 - 97*f - 11. What is the hundreds digit of b(9)?
1
Suppose -23*c + 21*c = -1462. What is the tens digit of c?
3
Let i(w) = -w**3 - 14*w**2 - 13*w + 4. Let x be i(-13). What is the tens digit of 83 + -2*x/2?
7
Let t = 28 + -23. Suppose 5*s - o = 3*s + 532, t*s - 1337 = -o. What is the hundreds digit of s?
2
What is the hundreds digit of (-8)/76 - 76312/(-76)?
0
Suppose 2*q + q - 51 = 0. Suppose 0 = -5*w + 3 + q. Suppose 4*f + 91 = 5*s, 3*s - f + 20 = w*s. What is the tens digit of s?
1
What is the units digit of 274/(8*1/8)?
4
Let c = -60 + 70. Suppose -c*p + 233 = 43. What is the tens digit of p?
1
Suppose 0 = k + 2*q - 1084, 4*q - 3250 = 33*k - 36*k. What is the units digit of k?
2
Let s(o) be the third derivative of o**6/120 + 7*o**5/60 - o**4/24 - 7*o**3/6 - 8*o**2. What is the tens digit of s(-6)?
3
Let p be 1/4 + (-21)/(-12). Let r be 2/(-3)*(5 - p). What is the units digit of 8*4 - r/(-1)?
0
Let x(o) = -o**3 + 2*o**2 + 3*o + 1. Let m be x(-1). What is the units digit of m*(-584)/(-3 - 1)?
6
Let g(u) = 40*u - 22. Let d = 84 - 81. What is the tens digit of g(d)?
9
Let m(p) = -10*p + 35. Let j be (-44)/6 + (-3)/(-9). What is the hundreds digit of m(j)?
1
Suppose 2*w = 6*w - 20. Suppose -w*u = -6*u + 7. What is the units digit of u?
7
Suppose -184 = 2*i + 3*d, -4*i - i + 4*d - 483 = 0. What is the tens digit of 3 + -2 - 6*i/10?
5
Let j(x) = x**3 - 24*x**2 + 11*x**2 + 10*x**2 + 4 - 8*x. Let r be j(6). Suppose -r = -0*u - 4*u. What is the tens digit of u?
1
Let p(j) = -53*j + 1. Let k(n) = -n**2 + 13*n - 31. Let i be k(10). What is the tens digit of p(i)?
5
Let u be (35/2)/((-1)/(-2)). Suppose -63 = -2*v + u. What is the units digit of v?
9
Let g be 8/12 + 21/9. Suppose -a - 2*n = -88, g*a - 4*n = -2*a + 454. What is the tens digit of a?
9
Let y(f) = -24*f - 7. Let u(c) = 47*c + 14. Let i(a) = 4*u(a) + 7*y(a). What is the tens digit of i(2)?
4
Suppose 4*j = -s + 6435, -7*s = -4*j - 6*s + 6429. What is the units digit of j?
8
Suppose -2*q = -z + 972, 5*z - 4925 = -2*q - q. What is the hundreds digit of z?
9
Suppose 2*j + 35 - 8 = -3*h, -3*h + 57 = -5*j. What is the units digit of 13/(-1 - 16/j)?
9
Let o = 9 + -3. What is the units digit of o/(-27) - (2755/(-9))/5?
1
Let l = 22 + -11. Let c = l + -6. Suppose 4*i + c*t = 82, 4*i - 13 = 3*i - 5*t. What is the tens digit of i?
2
Suppose v + 17 + 1 = 2*g, -g + v + 7 = 0. Let j = 36 + g. What is the units digit of j?
7
Let i(n) = -n**3 + n**2 + 25. Let h be -2*5/(-10)*0. What is the tens digit of i(h)?
2
Let b = 1137 - -206. What is the hundreds digit of b?
3
Suppose -4*v - 5*w = 12, 5*v + 5*w = -11 - 4. What is the tens digit of (-1)/2*(-35 - v)?
1
Let i be 4*(6 + (0 - 3) + -1). Suppose -x - x + 16 = 0. Suppose s + 2*n - i - x = 0, n + 48 = 3*s. What is the units digit of s?
6
Let k(j) = j**2 - 2*j + 2. Let z be k(2). Suppose -z*u + 4 = -0. Suppose 7*c - u*c = 75. What is the units digit of c?
5
Suppose -2*h - 67 + 420 = -3*s, -4*h + 349 = -3*s. Let b = s - -197. Let m = b - 29. What is the tens digit of m?
4
Suppose c = -4*o + 305 - 14, 5*o = 5*c - 1505. What is the units digit of c?
9
Let c(l) = -31*l**3 - l**2 - l + 2. Let p be c(1). Let k = -17 - p. What is the tens digit of k?
1
Let l be (1 + 2)/(-6)*-44. Let t = l - 55. Let i = 47 + t. What is the tens digit of i?
1
Let l be 360/54*(-2 - (-446)/4). Suppose 0 = 5*p - 2*j - l, 3*j = 2*p - 51 - 230. What is the hundreds digit of p?
1
Let k be (-349)/(-2) + (-2)/(-4). Suppose 4*i - 213 - k = 0. What is the units digit of i?
7
Suppose 3*k = -3*k - 12. Let q = k - -14. What is the units digit of q?
2
Let t = -1812 + 3275. What is the hundreds digit of t?
4
Suppose -5*a - 5*b = -3135, -5*b - 3114 = -5*a - 3*b. What is the units digit of a?
4
Suppose -5*r = 5*i - 4*i + 65, r - 227 = 3*i. Let s = -49 - i. What is the units digit of s?
6
Let z(s) = -6*s - 1 + 0 + 0*s. Suppose 21*m + 4 = 19*m. What is the units digit of z(m)?
1
Let c(j) = 102*j**2 - 10*j - 93. What is the hundreds digit of c(-5)?
5
Suppose 5*b - 70 + 10 = 0. Let r = -14 + b. Let w = 7 - r. What is the units digit of w?
9
What is the units digit of (396/54)/(6/135)?
5
Suppose b + 0*c - 4*c + 44 = 0, -3*c = 2*b + 110. Let n = 790 + -704. Let w = n + b. What is the tens digit of w?
3
Let g(f) = -5*f - 2. Let d be g(3). Let q = -62 - -107. Let w = d + q. What is the tens digit of w?
2
Suppose -16 = -6*p + 8. Suppose 3*m + 4 = -8, -2*q = -p*m - 190. What is the units digit of q?
7
Suppose -b - t - 187 = 284, -2*b - 943 = t. Let m = b + 707. What is the hundreds digit of m?
2
Let u(v) = 31*v**2. Let w(i) = -61*i**2 + 1. Let o(p) = 7*u(p) + 3*w(p).